)/30). Suppose -h*l + 3*x = -216, -4*l + 0*l = 5*x - 195. List the prime factors of l.
3, 5
Let d = 5 - 3. Suppose 1 = 5*c + 6, -5*c + d = -y. Let x = y + 24. What are the prime factors of x?
17
What are the prime factors of ((-22)/(-4) - -1)*24/1?
2, 3, 13
Let o = 64 + -46. Suppose 0*v - o = -v. List the prime factors of (-4)/v + (-184)/(-18).
2, 5
Let q(u) = 13*u - 9*u + 3*u**2 + 10 + 14*u - 4. What are the prime factors of q(-7)?
3
Let d(x) = -x**3 + 3*x**2 + x + 2. Suppose 4*s = 3*h - 15, 0 = -5*s + h + 4*h - 20. List the prime factors of d(s).
53
Let w(o) = 16*o**3 - 2*o**2 + 1. Let n = 5 - 4. Let x be w(n). What are the prime factors of (24/(-10))/((-3)/x)?
2, 3
Let t = 77 - 51. Suppose -3*s = -16 - t. Suppose -3*z + 19 = -s. What are the prime factors of z?
11
Let m(g) = -g - 6. Let v be m(3). Let h(y) = -y + 6. What are the prime factors of h(v)?
3, 5
Suppose -t = 5*o + 223, o = -4*t + 3 - 59. What are the prime factors of o/(-3) + 2/(-3)?
2, 7
Let q be 2/4*(-16)/(-4). Let y = 2 - q. Suppose 8 = h - 0*h + 5*r, -4*r = y. What are the prime factors of h?
2
Let y be -1 + (2 + 0)*6. Let l = y - 1. List the prime factors of l.
2, 5
Let r(h) = -h + 8. Let m be r(6). Let c be 43/4 - (-3)/12. Suppose -30 = -3*t + v - c, -4*t + m*v = -24. List the prime factors of t.
7
Suppose 9*i + 67 = 10*i. Let u = -37 + i. What are the prime factors of u?
2, 3, 5
What are the prime factors of 5/10*9*52?
2, 3, 13
Let z = -506 - -824. What are the prime factors of z?
2, 3, 53
Let r = 76 - 34. What are the prime factors of r?
2, 3, 7
Suppose o - 1 = q - 0*o, -5*q - 5*o + 5 = 0. Suppose 3*g + 2*c = -3, 2*g + 3*c = -q*c + 3. Let b(a) = a**2 + 2*a + 2. List the prime factors of b(g).
5
Let z = -7 + 12. Let b(j) = -1 - 5*j - 2 - j**2 - 1 - z*j. What are the prime factors of b(-7)?
17
Suppose -4*q - q + 191 = 4*a, 0 = 4*q + 4*a - 156. What are the prime factors of q?
5, 7
Let g(o) = -27*o - 21. What are the prime factors of g(-4)?
3, 29
List the prime factors of (-31 + -5)*(-3)/4.
3
Let l(f) = 2*f + 5. What are the prime factors of l(3)?
11
Suppose -r - 2*r - 2*l = -254, 2*l - 168 = -2*r. What are the prime factors of r?
2, 43
Suppose -5*u + 0*q = -q + 2, 10 = 4*u + 5*q. Suppose -3*n + u*y = -2*y - 29, 5*n + 4*y = 85. List the prime factors of n.
13
Let x be 0 + 0/(-1) - -7. Suppose -t + x = -18. What are the prime factors of t?
5
Let u(z) = z**2 - 2*z + 2. Let s be u(3). Suppose -4*d + 8*q - 4*q = -68, -s*q = 0. Let x = 28 - d. What are the prime factors of x?
11
Suppose -p - 2*p - 36 = 3*d, 3*p - 2*d + 16 = 0. Suppose -12 = -3*k, -2*f - 9 = -3*k - 117. What are the prime factors of ((-16)/10)/(p/f)?
2, 3
Suppose 4*t - 256 = -4*r, -r - r + 3*t + 128 = 0. Suppose 5*o - r = 4*v, -2*v + v = -4. List the prime factors of o.
2
Suppose -3*r - 13 = 35. List the prime factors of (-5 - -2) + r/(-2).
5
Let z(u) = u**3 - 4*u**2 + 4*u + 1. Let t be z(3). Suppose b - 20 = -t*b. Let j(a) = -a**2 + 5*a + 4. List the prime factors of j(b).
2
Let u = -11 + 15. Suppose 0*x - u*x + 32 = 0. What are the prime factors of x?
2
Let f(g) = -16 + g**3 + 2*g**2 + 21 - 3*g**2. What are the prime factors of f(0)?
5
Let i = 5 - -4. Let r(v) = -v**3 + 2*v**2 + 2*v + 3. Let x be r(3). Suppose x = 5*g - 1 - i. What are the prime factors of g?
2
Let z(d) = 4*d**2 + 5*d - 2. Let f be z(3). Let j = -34 + f. List the prime factors of j.
3, 5
Let a(r) = 3*r**2 + 6*r. Let s(u) = -u**3 + 4*u**2 - u. Let w be s(4). List the prime factors of a(w).
2, 3
Suppose -r + 12 = 2*r. Let o be 156/(-16) + (-1)/r. Let z = o - -14. What are the prime factors of z?
2
Let y(z) = -2*z - 12. Let q be y(-9). Suppose m - q*m + 190 = 0. What are the prime factors of m?
2, 19
Suppose 15 = -o + 4*o. Suppose -20 = -o*u - 4*w, 0 = -u + 6*u + w - 5. Suppose u*s = 5*s - 45. List the prime factors of s.
3
Let p = 1 + -6. Let i(m) = m**3 + 4*m**2 - 6*m. Let o be i(p). Suppose -o = -3*n + 1. List the prime factors of n.
2
Suppose 2*p - 54 = -3*o + 7*p, -5*p = 4*o - 72. Let c = o + -11. List the prime factors of c.
7
Let r be (-2 + -16)/(-3) - 2. Let m = -3 - -8. Suppose 2*q - u = m*q - 4, -r*q - u = -6. List the prime factors of q.
2
Let d(u) be the first derivative of u**3/3 - 4*u**2 + 7*u - 1. Let a be d(5). Let n = a - -25. What are the prime factors of n?
17
Let i(d) = 6*d + 1. Let a be i(1). Let w = a + 8. What are the prime factors of w?
3, 5
Let x(s) = 6*s**3 - 2*s**2 - 3*s - 3. Let q be x(3). Suppose -w + 13 = o - 23, w - q = -4*o. List the prime factors of o.
2
Let t(x) = x**2 - 8*x + 3. Let s = -10 - -19. List the prime factors of t(s).
2, 3
Suppose 0 = -2*j + 5*j - 222. List the prime factors of j.
2, 37
Suppose 5*k = -4*f + 51 + 635, 0 = 5*f + 4*k - 853. List the prime factors of f.
13
Suppose -4*l = 3*a - 19, 0 = -5*l + 4*a + a + 15. List the prime factors of l.
2
Let q(l) = l**2 - 6*l + 4. Let f be q(6). Suppose 5*n = 10, 3*p + 8*n - 80 = f*n. Suppose 20 = -5*c, -5*m + 64 - p = -5*c. List the prime factors of m.
2
Suppose -4*c - 5*g = -19, 3*g - 58 = -5*c - 18. List the prime factors of c.
11
Suppose -3*c + 0*j + 4 = 2*j, 4*j + 2 = -c. Let h be 23 + -2*3/c. Suppose 3*a = 5*a - h. List the prime factors of a.
2, 5
Suppose 6*m + 467 = 1391. List the prime factors of m.
2, 7, 11
Suppose 3*l + 0*l = 87. What are the prime factors of l?
29
Suppose 4 = -4*o - 5*u - 0*u, -2*u = -2*o - 2. Let r be o*1 + 5 + 28. What are the prime factors of r/6 - (-2)/3?
2, 3
Let v = -154 + 239. Suppose 10*t = 5*t + v. What are the prime factors of t?
17
Suppose -5*y = -y. Suppose y = 5*v - 23 - 2. List the prime factors of v.
5
Let s = -13 - -72. What are the prime factors of s?
59
Let q(l) = -26*l + 6. List the prime factors of q(-5).
2, 17
Let f(y) = -y - 1. Let p be f(-5). Let l = 8 - p. What are the prime factors of l?
2
Let p = 34 + 16. What are the prime factors of p?
2, 5
Let y be 4 + -1 - (-1 - 24). Let x = y + -19. Suppose -5*n - x = 1, -4*h + 3*n + 42 = 0. What are the prime factors of h?
3
Suppose 0 = 6*i - 4*i - 8. Suppose 0*q = -2*q + 4. List the prime factors of (-6)/(-2*q/i).
2, 3
Let k(s) = -6*s + 12. List the prime factors of k(-5).
2, 3, 7
What are the prime factors of (-201)/6*2/(-1)?
67
Let x = -1 + 9. Suppose -77 = -3*z - 5*p - 9, -x = -2*p. Suppose -k + 14 = 2*n - 2, -2*k - z = -4*n. List the prime factors of n.
2, 3
Let z = 11 + -6. Suppose -72 = -z*p + 3*b, 3*b = -0*b - 12. List the prime factors of p.
2, 3
Suppose -3*a + 5 + 4 = -i, 15 = i + 3*a. Suppose 53 = 8*p - i*p + v, -5 = p - 5*v. List the prime factors of p.
2, 5
Suppose i - g - 20 = -4*i, 2*i + 5*g = -19. What are the prime factors of i?
3
Let s = 37 + -18. What are the prime factors of s*-2*(-1)/2?
19
Let c = -4 - -6. List the prime factors of 25 - (-2 + 5) - c.
2, 5
Let z = 691 + -371. List the prime factors of z.
2, 5
Let m = -54 - -42. Let y = 1 - 0. Let t = y - m. What are the prime factors of t?
13
Suppose 0 = -3*o + 15, 5*n - 64 = -3*o - 9. What are the prime factors of n?
2
Let l = 57 - 31. Suppose -u - l = -3*u. What are the prime factors of u?
13
Let r be (0 + -1)*(5 - 8). Let b be (1/(-2))/(r/90). Let j = 21 + b. List the prime factors of j.
2, 3
Suppose -2*t + 110 - 40 = 0. What are the prime factors of t?
5, 7
Let h(f) = -3*f - 2. Let l(d) = -5*d - 4. Let a(g) = 5*h(g) - 2*l(g). List the prime factors of a(-2).
2
Let h(k) = 49*k - 3. What are the prime factors of h(2)?
5, 19
Let j(r) = r**3 - 15*r**2 + 8*r - 14. What are the prime factors of j(15)?
2, 53
Let n be (0 + 11)/(-5 - -6). Let v = 12 + n. List the prime factors of v.
23
Let k be (2/4)/((-9)/(-18)). Suppose -5*g - 1 = -b - 3, 2*b = 5*g + k. What are the prime factors of b?
3
Suppose -2*s - 3*s + 15 = 0. Let c(d) = -5*d + s*d + 13 - d + 4*d. List the prime factors of c(-9).
2
Suppose 108 = 3*v + 3*v. What are the prime factors of v?
2, 3
Let a be (6/(-1))/(18/12). Let v = 11 + a. List the prime factors of 75/v + 4/14.
11
Let x be 4/(-14) + (-30)/(-7). Suppose -5 = x*j - 13. Suppose -j*o + 20 = 3*o. What are the prime factors of o?
2
Let w = 214 + -112. What are the prime factors of w?
2, 3, 17
Suppose -5*a = -3*a + o - 6, 4*a + o - 14 = 0. Let d be 7 - (2 - a) - -1. Let k = d - 4. List the prime factors of k.
2, 3
Let p(c) = 2*c + 44. What are the prime factors of p(12)?
2, 17
Suppo